).
-13
Let h(q) = -q**2 - q + 1. Let i be h(1). Let j(d) = 2*d**2 - 31*d + 11. Let r(k) = -k**2 + 26*k - 9. Let y(t) = 5*j(t) + 6*r(t). What is y(i)?
4
Let u(b) = 6*b**2 - 19*b + 47. Let m(g) = 5*g**2 - 17*g + 41. Let f(v) = -5*m(v) + 4*u(v). Give f(5).
3
Let i(j) be the third derivative of -j**6/120 - 2*j**3/3 + 32*j**2. Suppose 4*b - 3*b = 0. Calculate i(b).
-4
Let x(b) be the third derivative of -3*b**6/20 - b**5/60 + b**3/6 - 44*b**2 - 2. Determine x(-1).
18
Let c = -9 + 13. Suppose -c*j = -1 - 7. Let p(o) = -10*o - 7 - o**j + 5*o - 3*o. Calculate p(-6).
5
Let i(v) be the third derivative of -v**4/24 - v**3/6 + 2*v**2. Let d(t) = 6 - 6 - 1 + 2*t. Let n(k) = d(k) + i(k). Determine n(-3).
-5
Let n(w) = 2*w - 2. Suppose 0 = -2*f + 518 - 498. Suppose 0*k + 24 = -4*k. Let j = f + k. Determine n(j).
6
Let r(u) = -4. Let j(o) = o**2 + 6*o + 15. Let q(m) = j(m) + 6*r(m). Determine q(-8).
7
Let f = -7 - -12. Let t be (((-5)/3)/f)/((-1)/18). Let k(o) be the third derivative of -o**6/120 + o**5/10 - o**4/24 + 2*o**3/3 - 2*o**2. Determine k(t).
-2
Let r(u) be the first derivative of 1/2*u**2 - 5/24*u**4 + 3 + 0*u - 1/3*u**3. Let j(y) be the second derivative of r(y). What is j(2)?
-12
Let n(i) = 1 + i + 1 - 2*i - 2*i. Let o(w) = -w**2 + 5*w - 3. Let r(x) = 5*n(x) + 3*o(x). Determine r(-2).
-11
Suppose -36 = -q - 3*q. Suppose 0 = 5*w - q*w + 48. Suppose -3*r + 6 = 3*d - w, -r - 3*d + 12 = 0. Let h(a) = -2*a**2 + 2*a + 4. Determine h(r).
-8
Let y(a) be the third derivative of -a**5/60 + 7*a**3/6 + 245*a**2. Suppose 3*m = 8*m. Calculate y(m).
7
Let c(f) = 11*f + 7. Let q(d) = -31*d - 20. Let b(h) = 17*c(h) + 6*q(h). Give b(-4).
-5
Suppose 0 = -0*d - d + 32. Suppose 4*z - 24 = 4*a, z - d = 5*a - 3*z. Let k(v) = v + 2 + 5 + 0. Give k(a).
-1
Suppose -129 = -24*o + 135. Let v(m) = -m + 2. Calculate v(o).
-9
Let f(b) be the second derivative of -b**3/6 + 6*b**2 - 16*b. Suppose -8*u + 5*u = -18. Determine f(u).
6
Let x(y) = -7 + 2*y + 7*y - 3*y - 8*y. Calculate x(-3).
-1
Suppose -3*n + 6*l - 3 = 2*l, -2*n + l = -3. Let c(h) = -6*h**2 - 5*h - 88. Let g(y) = -y**2 - y - 16. Let x(b) = -4*c(b) + 22*g(b). Determine x(n).
12
Let h(i) = 105*i + 28*i**3 - 10*i**2 - i**2 - 27*i**3 - 106*i + 5. Give h(11).
-6
Let t(r) = -r**2 + 8*r - 6. Let l = -143 - -150. What is t(l)?
1
Let x(d) = -6*d**3 + 46*d**2 - 11*d + 9. Let h(z) = -z**3 + 9*z**2 - 2*z + 2. Let c = 46 + -57. Let j(n) = c*h(n) + 2*x(n). Give j(-7).
-4
Let f(x) be the second derivative of -1/12*x**4 + 48*x + 1/2*x**3 + 1/2*x**2 + 0. Calculate f(5).
-9
Let k(i) = -23*i - 106. Let o be k(-5). Let q(h) = h**3 - 8*h**2 - 8*h + 19. Determine q(o).
28
Let j be 0 + 3 - 1 - -1. Let k(g) = -2*g - 2. Give k(j).
-8
Let w(d) = d**3 + 5*d**2 - 6*d + 4. Let o = 170 + -175. Determine w(o).
34
Let z(g) = -g**2 + 12*g + 23. Let l be z(13). Suppose -4*n + 7 = -5. Let p(x) = 0*x**3 - x**n + 9*x**2 - l*x**2 - 3 + x. Calculate p(0).
-3
Let j(z) = -14*z**2 - 79*z - 32. Let v(g) = -5*g**2 - 28*g - 11. Let a(r) = 4*j(r) - 11*v(r). Calculate a(-6).
5
Let u(t) be the third derivative of 0 - 1/60*t**5 + 1/60*t**6 + 0*t + 17*t**2 + 0*t**4 + 0*t**3. What is u(-1)?
-3
Let o(c) = -4*c + 18. Let z(l) = l + 1. Let w(m) = o(m) + 3*z(m). What is w(0)?
21
Let l(p) = -4*p. Let z(n) = -3*n - 1. Let x = -35 - -32. Let j(q) = x*z(q) + 2*l(q). Give j(-2).
1
Let y(j) = -66 - 9*j**2 - 19*j**2 - j**3 + 17*j**2 + 68. Determine y(-11).
2
Let j(n) = n**3 + 4*n**2 - n - 7. Let f(l) = l**3 + 3*l**2 - l - 8. Let r(s) = 3*f(s) - 2*j(s). Calculate r(0).
-10
Suppose 7*f = 4*f + 57. Suppose 0 = -4*k - 16, 3*b = -k + 5*k + f. Let x(j) = 5*j**2. Calculate x(b).
5
Suppose -20 = 4*g - 0*k + 5*k, 3*g + k = -4. Let d = -10 + 14. Let t = g - d. Let y(s) = s**3 + 4*s**2 + 2*s - 4. Determine y(t).
-12
Let u = 24 + -8. Let i(b) = -6 + b**3 + 7*b**2 + 27*b - 36*b + u*b. Calculate i(-6).
-12
Let v be -3 - -2 - 0 - 9. Let q be (-4 - 0)/(4/v). Let i be (-20)/(-4)*(-8)/q. Let n(s) = s + 1. What is n(i)?
-3
Let z(p) = -7*p**2 + 7*p - 1. Let x(f) = 3*f**2 - 4*f + 1. Let s(v) = 5*x(v) + 2*z(v). Let w = 5 + -11. Let q be (-54)/45*20/w. Calculate s(q).
-5
Let h(u) = u**2 - u - 2. Let g(a) = 3*a**2 - 2*a + 10. Let k(m) = -g(m) + 2*h(m). What is k(0)?
-14
Suppose s - 2*a - 18 = 8, 2*s - 3*a - 49 = 0. Let p = -15 + s. Suppose 0*o = p*o. Let y(x) = -x**2 - 15. Calculate y(o).
-15
Let w(o) = 55*o**2 - 7 + 15*o + 55*o**2 - 169*o**2 + 60*o**2. Determine w(-15).
-7
Let s(b) = -245 + 119 + 9*b + 120. Determine s(-6).
-60
Let c(t) = t**2 - 5*t - 3. Suppose 5*b - 19 + 9 = 0. Suppose -4*h - 4 = 4*a, 2*h - a + b - 15 = 0. Give c(h).
-7
Let c(b) = 4*b + 16. Let r(v) = -7*v - 31. Let d(n) = 5*c(n) + 3*r(n). Suppose -4*s = z + 33, -2*z + 2 = -4*z. Calculate d(s).
-5
Let y be -2*(-3)/((-18)/(-15)). Let g(n) = -24*n + 11*n + 1 + 7*n + 7*n. Calculate g(y).
6
Let o(c) = 18 - 3*c**2 + 6*c**2 - 6*c - 4*c**2 - 14. Calculate o(-7).
-3
Let s be (24/16)/(0 + 3/16). Suppose -67 = s*j + 5. Let h(a) = -a**3 - 9*a**2 - 1. Determine h(j).
-1
Let a(r) be the first derivative of -30 + 1/3*r**3 + 3*r**2 + 3*r. Suppose 0*h + 4*h + 20 = 0. Calculate a(h).
-2
Let i(b) = 4*b - 68. Let p be i(16). Let o(j) be the first derivative of -4 - 1/2*j**2 + 0*j. Give o(p).
4
Let f(r) = 6*r + 4. Let i(y) = 7*y + 5. Let q(j) = -6*f(j) + 5*i(j). Let u = -3 - -5. Suppose u*d - 12 = n - 5*n, -n + d + 6 = 0. Calculate q(n).
-3
Let f = -12 + 30. Suppose -6 + f = 2*j. Let g(z) be the third derivative of -z**6/120 + z**5/10 - z**3 + 737*z**2. Calculate g(j).
-6
Let f(l) be the third derivative of -l**7/840 - l**6/120 + l**5/120 + 17*l**3/3 + 41*l**2. Let r(g) be the first derivative of f(g). Determine r(-3).
-3
Let l(h) = -4*h**3 - 11*h**2 + 3*h + 12. Let j = 1 - 2. Let c(b) = -b**2 - 60*b + 1 - b**3 + 124*b - 63*b. Let k(o) = j*l(o) + 5*c(o). Determine k(6).
5
Let h(f) = f**2 - 9*f - 12. Let w be -42*((-3)/(-6) - 1). Suppose 2*r - 41 = -w. Calculate h(r).
-2
Let a(f) = 9 + 8 + 8 + f - 32 - 4*f. Determine a(-5).
8
Let x be (-5 - -6)/1*-1. Let m(i) = -6*i**3 - i**2 + i + 1. Determine m(x).
5
Let w(y) be the first derivative of 2*y**3/3 - 9*y**2/2 + 10*y + 130. What is w(7)?
45
Let o(y) = -24 + 4 - 5*y + 14. Determine o(-4).
14
Let c(r) = -r**3 - 10*r - r + 2 + 18*r**2 + 0 - 11*r**2. Let s be c(5). Let j(y) = -y + 3. Give j(s).
6
Let w(z) = 3*z**2 + 5*z + 3. Let f be ((-8)/6)/((-8)/12). Suppose -m = f + 1. Let p(g) = -g**3 - 4*g**2 - 2*g. Let k be p(m). Determine w(k).
15
Suppose -9*g + 14*g - 60 = 0. Suppose 2*f = f. Suppose f = -s - 3*s + g. Let z(h) = h**2 - h - 1. Give z(s).
5
Suppose 0 = 12*i - 7*i - 15. Suppose i*k = -3*k - 180. Let m be 45/(-6)*12/k. Let y(c) = 5*c - 1. Give y(m).
14
Let k be (-3)/(-6)*-2 - -3. Let r(x) = -2 + 4*x - 5*x + 0*x + k*x. Suppose 0 = 11*v - 10*v + 2. Determine r(v).
-4
Suppose 49*w + 30 = 59*w. Let t(r) = 7*r - 1. Determine t(w).
20
Let n(z) = -z**2 + 6*z - 4. Let w(p) = -5*p**2 + 30*p - 21. Let g(x) = 11*n(x) - 2*w(x). Let m be g(5). Let b(v) = v + 3 - 4*v - 2 + 4*v. Determine b(m).
4
Let p(h) = h**3 - 3*h**2 + h. Let g(z) = -2*z + 21. Let w(f) = f**3 - 2*f**2 + 3*f - 2. Let r be w(2). Suppose d = -r*d + 45. Let i be g(d). What is p(i)?
3
Suppose 0 = 5*q - 4*i - 25, 0 = -4*q - 5*i - 12 - 9. Let u = -2 + 8. Let x(z) = 5*z**2 + 0*z - 6*z**2 + 2 + u*z**3 - z - 1. Give x(q).
5
Let u(b) be the second derivative of -b**5/4 - b**4/4 + b**3/6 + b**2/2 + 69*b. Determine u(1).
-6
Let h(x) = 62*x**2 + 5 - x**3 + 3*x - 63*x**2 - 8. Determine h(2).
-9
Let h(r) be the third derivative of r**5/60 + r**4/12 - r**3/6 + 87*r**2. Calculate h(2).
7
Let k(x) = -x**3 + x**2 + x + 1. Suppose 4*m = -2*h + 3*m + 68, 4*m = -3*h + 102. Let l be h/(-85) + 4/10. Give k(l).
1
Let x(f) be the second derivative of 0 + 1/60*f**5 - 1/120*f**6 - 1/24*f**4 - 7*f + 3/2*f**2 + 1/3*f**3. Let b(n) be the first derivative of x(n). Give b(0).
2
Let g(j) = -j**3 - 6*j**2 - 5*j - 7. Let w be 4/(-6) - 4*(-7)/42. Let o be w*(-3 - (1 - 3)) + -5. What is g(o)?
-7
Let l = -18 + 13. Suppose -3*x + 3*g - 12 = 0, -g - 3*g = -4. Let k(u) = -11*u - 2. Let s(q) = 5*q + 1. Let i(f) = l*s(f) + x*k(f). Determine i(-1).
-7
Let g be (4/12)/(0 - 1/(-141)). Let a(f) = -f - 46*f**2 + 17 + g*f**2 + 0*f. Determine a(0).
17
Suppose 7 = 4*f - 1, 2*c - 5*f = -6. Let q(